 - (-1 + 4))?
14
Evaluate 18 + 14 + 8 + -31.
9
-10 + -3 + -3 + 24
8
Calculate -12 - -38 - (11 - (-5 + 4)).
14
(-1 - 15) + -542 + 527 + 25 + 0
-6
What is the value of (1 - -7) + 5 + 9 + -10?
12
What is the value of -16 + 1 + -9 + -10 + 31 + -5?
-8
What is the value of (-9 - -6) + 0 - (0 - 1) - -2?
0
What is 2 + -2 - (-36 + 48)?
-12
Calculate (7 - (-7 + 14) - -2) + (-37 - -14).
-21
What is the value of 6 - (9 + -5) - (-5 + (-3 - -2))?
8
Evaluate (5 - (-4 - -13)) + 14 + -20 - 6.
-16
What is the value of (-221 + 222 - (-1 + -10)) + -16?
-4
-1 + 1 + -548 + 542
-6
What is the value of (-21 - (-13 - -1)) + 7?
-2
Evaluate (1 - 2) + 10 - (-251 - -261).
-1
What is the value of -3 + (3 - (-6 + 5 + 7) - 3)?
-9
What is the value of 4 + 3 - (-13 + 6 - -17) - -25?
22
-1 + 0 + 2 - ((193 - 83) + -91)
-18
Calculate (10 + -5 - -4) + 23 - 14.
18
-12 - ((-3 - 11) + 3 - -2)
-3
What is (6 - 11) + -5 + (9 - 1) - -20?
18
What is the value of (-15 - (0 + 0)) + (92 - 85)?
-8
Evaluate (7 - -4 - 20) + 8 - 8.
-9
What is the value of 28 - (16 + -29) - 27?
14
What is 4 - ((16 + -12 - 10) + -13)?
23
22 + 0 + -12 + 3
13
Calculate -6 - (6 + (-7 + 2 - -6)) - 1.
-14
Evaluate -5 + 0 + (-35 - (-66 + 20)).
6
What is the value of (-7 - (1 + 7)) + 21?
6
What is -1 - (7 - 16 - -15)?
-7
Evaluate -11 - (-15 - (-15 - 0)).
-11
Evaluate -81 - -14 - -37 - -8.
-22
Evaluate 0 - (-6 - -3) - ((-1 - -2) + -1).
3
Calculate (-3 - ((4 - 8) + 1 + -6)) + -8.
-2
(-65 - -105) + (8 - 35)
13
-19 - -4 - 7 - (-17 + 9)
-14
Evaluate -7 + 244 + -236 + (-1 - 3).
-3
What is the value of -11 + (13 - 3) - 9 - 3?
-13
Calculate -28 + 42 + (13 - -1) + -7.
21
Calculate 3 + -2 + -3 + 3.
1
What is 2 - (-3 + (11 - 9) - 8)?
11
What is 27 + -19 - (-18 - -43)?
-17
What is the value of 25 - (3 + (-20 - -48))?
-6
What is 18 + (3 - 16) + (-1 - 0)?
4
What is (0 - 44) + 25 + -7?
-26
Evaluate 15 - (20 + 35 + -2) - (-12 + 2).
-28
10 - (-13 - (-19 + -15))
-11
What is (6 - 3) + -6 - (1 + -6)?
2
Calculate 1 + -1 + -4 + 9 + -23.
-18
Evaluate -5 + -12 + 18 - 12.
-11
0 + -22 - 6 - -31
3
Calculate 26 - 11 - 8 - (2 - 4 - -7).
2
Calculate (-7 - -1) + (11 - 23 - (-29 + 13)).
-2
Calculate 1 - -3 - (21 + -21) - (1 + -1).
4
Calculate 6 - (-4 + 6 - 38) - (5 + 3).
34
What is (-22 + 33 + -17 - (2 - 43)) + -8?
27
What is the value of -23 - ((-3 - -8 - 9) + 0 + 0)?
-19
0 + -1 - (123 - 130)
6
What is the value of 15 + 1 - (61 - 20)?
-25
What is the value of 30 + (16 - 36) - (-1 + 16)?
-5
(-2 - -2) + 2 - (-2 - (1 + -8))
-3
Evaluate -166 + 154 - ((-2 - 24) + 2).
12
What is 34 - 27 - (13 - 5)?
-1
-22 - (38 - 37 - 4)
-19
What is (15 - (8 + 32)) + -8?
-33
Calculate -651 - -648 - (7 + -1).
-9
Calculate 23 + -9 + 10 - 21.
3
Calculate 4 - (1 + 1) - (5 + 5).
-8
-6 + 12 - (-2 + 1)
7
What is (-27 - 7) + 12 + 15?
-7
Calculate 3 - (2 + -5) - (77 - 67).
-4
-3 + (-15 - -9) + (-4 - -1)
-12
What is the value of -5 + (0 - -1) + -6 + 1 + 8?
-1
1 - (35 - 11 - 16)
-7
Calculate (-1 - 1 - 12) + (-36 + 93 - 56).
-13
Calculate -13 + (-1 - (-10 - -1 - (-41 + 41))).
-5
Evaluate -121 + 125 - (-1 + 0 + 0).
5
What is -4 - (-16 - -15 - 4 - (2 - 2))?
1
Evaluate 1 + 5 + (2 - (-17 - -9 - -9)).
7
Calculate 0 + 2 + -4 - (3 - -42 - 21).
-26
Calculate -3 - (112 + -117 + (2 - 1) + -12).
13
Evaluate -6 + (38 - 21) + -18.
-7
Calculate (10 - (11 - (4 - -8))) + (0 - 6).
5
Evaluate -6 + (-5 - -6) - (-11 - -19).
-13
Evaluate -26 + 27 + (-6 - 29).
-34
Calculate -19 - (-5 - (1 - -13)).
0
Calculate -7 + -9 - (-27 - -11 - -10).
-10
Evaluate 7 - (-6 - (-2 + -4)) - (-3 - -25).
-15
-5 + 1 - (72 - 100)
24
-15 + (-1 - (-20 - -16) - 18)
-30
What is the value of -10 + (-56 + 27 - -47)?
8
Evaluate 7 + (9 - (8 + 23 + -5)) + 10.
0
What is (25 + -5 - 7) + -13?
0
What is 10 + -22 - ((0 - (1 - 1)) + 0)?
-12
What is the value of (5 + -1 - -3) + (-27 - (12 + -8))?
-24
What is (19 + -15 - 5) + 8?
7
What is 0 + (-6 - -1) + 3 - -13?
11
-2 - -25 - 29 - ((-2 - -16) + 0)
-20
4 + 2 + -7 + -3 + 4
0
What is -27 + 20 + 0 + -1 + -3?
-11
Evaluate 4 + (3 - (14 + -3)) + (2 - -8).
6
Evaluate (-10 + 23 + -4 + 0 - 15) + 4.
-2
What is 5 + (6 - (5 - 2) - (17 - 0))?
-9
What is -17 - (1 - 16) - 4?
-6
Calculate -8 - (-20 - (-20 + 6)).
-2
What is (-21 - -26) + -21 - -4?
-12
Calculate (-11 - (-13 + 9)) + -1 - -21.
13
Calculate 15 + 20 + -15 - (-3 + -1 + 5).
19
(1 - 19) + (-22 - (-57 + 31))
-14
Calculate -26 + (-5 - (11 - 16)).
-26
Calculate (-5 - -7) + (29 - 18) + 2.
15
Evaluate 7 - ((-4 - -1) + 7 - (8 + -1)).
10
What is the value of 4 + -10 + 12 + (-4 - -4)?
6
What is the value of 12 - 18 - -10 - 8 - (-27 - -2)?
21
What is the value of (2 - 3) + -2 + -2 - -7?
2
What is the value of 21 - (9 - (1 + -2))?
11
Calculate 43 - (-8 - (-23 + -5)).
23
What is 1 + (3 - -4) - (60 + (-130 - -49))?
29
Calculate 0 - 11 - (2 - (2 - -7) - -4).
-8
Evaluate 2 + (-4 - (-5 + -1 - (6 - 1))).
9
16 + -12 + -8 - -13
9
Evaluate 9 - 13 - -13 - (-2 + -4 + 6).
9
Evaluate 11 - (24 + 3 + -1 + 2).
-17
Evaluate -1 + 9 - (11 + -8 - 0).
5
What is the value of 1 + -14 + 33 + -17?
3
What is the value of (-4 - -34) + 0 + (-21 - -16)?
25
What is the value of (-15 + 4 - (3 + -2 - 4)) + -5?
-13
Calculate (-9 - 7) + (-4 - -11) - 0.
-9
Evaluate 0 - ((2 - 1 - 0) + 10 + -5).
-6
-16 + 2 + (-67 - -84)
3
Calculate -6 + (1 - (-12 + 6)).
1
(12 - (2 + (5 - 1)) - 0) + 0
6
What is the value of 12 + (6 + -9 - 0) - -14?
23
Evaluate (-1 - 2) + (3 - 4) + (67 - 62).
1
Calculate -753 - -719 - (3 - 1).
-36
Calculate -1 - (5 - -1 - (-18 - -25)).
0
-20 - -30 - (-1 + 2 + -4)
13
Evaluate -10 - ((2 - 10) + 15 + 9).
-26
What is 13 - (-13 + 0 + 7 + -4)?
23
What is 2 + (-1 - (5 + -3)) - 3?
-4
Calculate (26 - (16 - 24)) + -17.
17
What is 20 + -12 + -3 - (0 - (-8 + 1))?
-2
Evaluate -4 - (10 + -16) - 22.
-20
Evaluate 9 + -7 + -10 + -2 - -6.
-4
What is the value of 366 + -401 + (26 - 1)?
-10
What is the value of 14 + (-14 - -21) + -11 - (1 - -2)?
7
92 + -91 + (-1 - 3)
-3
Evaluate (-7 + -2 - 23 - -10) + (7 - 13).
-28
What is the value of 0 + (8 - -3 - 11 - -3)?
3
Calculate 3 + -11 - -1 - 1 - -4 - -15.
11
0 + -6 + (42 - 44) + 0
-8
What is (984 - 984) + 8 + (1 - 1)?
8
What is 4 + 1 - (-43 - -30 - -10)?
8
What is the value of (-3 - 35) + (29 - (10 + 6))?
-25
What is 6 + -8 + 12 + -10 + -18?
-18
Evaluate (5 - (6 + -3 + 10)) + 6.
-2
Calculate -48 + (5 - (9 - 26)).
-26
What is the value of (-55 - -49) + 7 - (-1 - -10)?
-8
Calculate -125 + 166 + (-22 - -1).
20
Calculate (-19 - 0) + -1 + 8 + 3.
-9
What is the value of (11 - -7 - 29) + 25?
14
1 + -5 + (-11 - (-12 - 6))
3
What is the value of 17 - (11 + -20) - 14?
12
0 - (4 - 4 - -1) - -5
4
What is the value of (35 - 9) + (-17 - (-15 - -12))?
12
What is the value of (18 - (12 + -2)) + 0?
8
Calculate -3 + (2 + -1 - (-1 - 0) - -4).
3
What is the value of 51 + 38 + (45 - 98)?
36
-31 - (-8 + 4 - 10)
-17
Evaluate 3 + 0 + (-642 - -663).
24
Calculate (17 - 6) + 15 - 20.
6
Calculate -1 + (-2 + 4 + -10 - (9 + -1)).
-17
Calculate (10 - 17 - 4) + 1 + 12.
2
What is the value of 14 + -5 + -5 - 6?
-2
Evaluate 0 + -11 + (428 - 437).
-20
(-121 - -103) + 3 + -2
-17
Calculate 23 + -32 + -8 + 31.
14
Calculate (1 - 3) + (22 - 15) + (-6 - -2).
1
Calculate (10 - (-11 - -14 - 1)) + (10 - 1).
17
Calculate 2 + (0 - 3 - -6) + 0 + 12.
17
Calculate 22 - 5 - (178 - 159).
-2
-18 - -6 - -13 - 6
-5
Evaluate 16 - (0 + 36 + -15).
-5
What is the value of -17 + (4 - (-6 + -2 - (-2 + -4)))?
-11
What is the value of -9 + 9 - (-3 + 6 - (4 - 0))?
1
What is the value of 5 + (-4 - -2) + -1 - (3 - 7)?
6
17 + -26 + (-42 - -38) + (0 - 3)
-16
What is 12 - ((0 + -8 - -8 - 9) + 2)?
19
What is (-20 - -32 - (4 + -10)) + 5?
23
Calculate (23 - (-36 + 67)) + 11 + -1 + 0.
2
Calculate (15 - (8 + 3)) + 7.
11
What is the value of -7 - (5 - 2) - (0 + 8 + -1)?
-17
17 + 24 + -17 + (-12 - -6)
18
What is 12 - (-6 + 22 + 7)?
-11
Evaluate (-7 - (-21 + 0)) + -10.
4
What is the value of -2 + 9 + (4 + 0 - 2) - -6?
15
42 + -1 - 16 - 11
14
What is -5 + (-3 - -24) + -12 + (-10 - -1)?
-5
Evaluate -9 + (-6 - (-27 - -9 - -2)).
1
Calculate (-22 + -11 + (12 - 0) - -11) + 0.
-10
412 + -400 - (-17 + -3 + 4)
28
What is the value of (0 - 3 - -10) + (3 - -1 - 6)?
5
Evaluate 9 - (12 - (-9 - -22)) - 18.
-8
14 + (-23 - 1 - (-152 - -138))
4
Evaluate 8 - (4 - -7) - (-12 + 2).
7
What is (-2 - (3 - 2)) + -58 + 61?
0
Evaluate -6 - (-125 + 132 - (-